{"id":282,"date":"2017-06-19T11:43:30","date_gmt":"2017-06-19T11:43:30","guid":{"rendered":"http:\/\/clinicadentalsbd.com\/wordpress\/?page_id=282"},"modified":"2022-06-21T10:20:14","modified_gmt":"2022-06-21T10:20:14","slug":"aviso-legal","status":"publish","type":"page","link":"https:\/\/clinicadentalsbd.com\/index.php\/es\/aviso-legal\/","title":{"rendered":"Aviso Legal"},"content":{"rendered":"<div style=\"width: 100%;\">\n<ol>\n<li><b> Aviso legal<\/b><\/li>\n<\/ol>\n<p><span style=\"font-weight: 400;\">En cumplimiento del art\u00edculo 10 de la Ley 34\/2002, de 11 de julio, de Servicios de la Sociedad de la Informaci\u00f3n y Comercio Electr\u00f3nico (LSSICE), a continuaci\u00f3n se exponen los datos identificativos del titular del sitio web.<\/span><\/p>\n<p><b>Titular<\/b><span style=\"font-weight: 400;\">: D. ANDREU JIM\u00c9NEZ ARCOS<br \/>\n<\/span><b>Direcci\u00f3n:<\/b><span style=\"font-weight: 400;\"> D&#8217;EN FONT, 28<br \/>\n<\/span><b>C.P.<\/b><span style=\"font-weight: 400;\"> 08201 SABADELL (BARCELONA)<\/span><\/p>\n<p><b>E-Mail:<\/b> <span style=\"font-weight: 400;\">clinicadentalsbd@gmail.com<\/span><\/p>\n<ol>\n<li><span style=\"font-weight: 400;\">ANDREU JIM\u00c9NEZ ARCOS\u00a0 es propietario del nombre de dominio y sitio en Internet al que se accede a trav\u00e9s de la direcci\u00f3n\u00a0<\/span><\/li>\n<\/ol>\n<p><a href=\"http:\/\/clinicadentalsbd.com\"><span style=\"font-weight: 400;\">\u00a0<\/span><span style=\"font-weight: 400;\">http:\/\/clinicadentalsbd.com<\/span><\/a><\/p>\n<ol start=\"2\">\n<li><b> Aceptaci\u00f3n de las Condiciones de uso<\/b><\/li>\n<\/ol>\n<p><span style=\"font-weight: 400;\">Las presentes condiciones (en adelante denominadas \u201cAviso legal\u201d) tienen por objeto regular el uso de este sitio Web que D. ANDREU JIM\u00c9NEZ ARCOS (en adelante \u201cEL TITULAR\u201d) pone a disposici\u00f3n del p\u00fablico en la presente URL.<\/span><\/p>\n<p><span style=\"font-weight: 400;\">La utilizaci\u00f3n del Website por un tercero le atribuye la condici\u00f3n de Usuario y, supone la aceptaci\u00f3n plena por dicho Usuario, de todas y cada una de las condiciones que se incorporan en el presente Aviso legal.<\/span><\/p>\n<ol start=\"3\">\n<li><b> Condiciones de uso de la Web<\/b><\/li>\n<\/ol>\n<p><span style=\"font-weight: 400;\">El Usuario se compromete a utilizar el sitio Web de conformidad con la Ley, el presente Aviso Legal, y dem\u00e1s avisos, reglamentos de uso e instrucciones puestos en su conocimiento, as\u00ed como con la moral y las buenas costumbres generalmente aceptadas y el orden p\u00fablico.\u00a0<\/span><\/p>\n<p><span style=\"font-weight: 400;\">El Usuario se obliga a usar los Contenidos de forma diligente, correcta y l\u00edcita y, en particular, se compromete a abstenerse de (a) utilizar los Contenidos de forma, con fines o efectos contrarios a la ley, a la moral y a las buenas costumbres generalmente aceptadas o al orden p\u00fablico; (b) reproducir o copiar, distribuir, permitir el acceso del p\u00fablico a trav\u00e9s de cualquier modalidad de comunicaci\u00f3n p\u00fablica, transformar o modificar los Contenidos, a menos que se cuente con la autorizaci\u00f3n del titular de los correspondientes derechos o ello resulte legalmente permitido; (c) suprimir, eludir o manipular el &#8220;copyright&#8221; y dem\u00e1s datos identificativos.<\/span><\/p>\n<p><span style=\"font-weight: 400;\">Queda prohibido realizar sin la debida autorizaci\u00f3n cualquier tipo de publicidad o informaci\u00f3n comercial directamente o de forma encubierta el env\u00edo de correos masivos (&#8220;spaming&#8221;).<\/span><\/p>\n<p><span style=\"font-weight: 400;\">El Usuario se compromete a no introducir programas, virus, macros, applets, controles ActiveX o cualquier otro dispositivo l\u00f3gico o secuencia de caracteres que causen o sean susceptibles de causar cualquier tipo de alteraci\u00f3n en los sistemas inform\u00e1ticos el TITULAR o de terceros.<\/span><\/p>\n<p><span style=\"font-weight: 400;\">Cualquier enlace que se efect\u00fae con los contenidos, requerir\u00e1 la previa conformidad del TITULAR y deber\u00e1 permitir, mediante la oportuna visualizaci\u00f3n, la identificaci\u00f3n de su procedencia. La utilizaci\u00f3n de esta informaci\u00f3n en otros sitios de Internet requerir\u00e1 autorizaci\u00f3n expresa.<\/span><\/p>\n<ol start=\"4\">\n<li><b> R\u00e9gimen de responsabilidad<\/b><\/li>\n<\/ol>\n<p><b>4.1. Responsabilidad por el Uso del Web<\/b><\/p>\n<p><span style=\"font-weight: 400;\">El Usuario es el \u00fanico responsable de las infracciones en las que pueda incurrir o de los perjuicios que pueda causar por la utilizaci\u00f3n del Website, quedando EL TITULAR exonerado de cualquier clase de responsabilidad que se pudiera derivar por las acciones del Usuario.<\/span><\/p>\n<p><span style=\"font-weight: 400;\">EL TITULAR emplear\u00e1 todos los esfuerzos y medios razonables para facilitar informaci\u00f3n actualizada y fehaciente en el Website, no obstante, no asume ninguna garant\u00eda en relaci\u00f3n con la ausencia de errores, o de posibles inexactitudes y\/u omisiones en ninguno de los contenidos accesibles a trav\u00e9s de este Website.<\/span><\/p>\n<p><b>4.2. Responsabilidad por el funcionamiento del Web<\/b><\/p>\n<p><span style=\"font-weight: 400;\">EL TITULAR excluye toda responsabilidad que se pudiera derivar de interferencias, omisiones, interrupciones, virus inform\u00e1ticos, aver\u00edas telef\u00f3nicas o desconexiones en el funcionamiento operativo del sistema electr\u00f3nico, motivado por causas ajenas al TITULAR.<\/span><\/p>\n<p><span style=\"font-weight: 400;\">Asimismo, EL TITULAR tambi\u00e9n excluye cualquier responsabilidad que pudiera derivarse por retrasos o bloqueos en el funcionamiento operativo de este sistema electr\u00f3nico causado por deficiencias o sobre carga en las l\u00edneas telef\u00f3nicas o en Internet, as\u00ed como de da\u00f1os causados por terceras personas mediante intromisiones ileg\u00edtimas fuera del control del TITULAR.<\/span><\/p>\n<p><span style=\"font-weight: 400;\">EL TITULAR est\u00e1 facultado para suspender temporalmente, y sin previo aviso, la accesibilidad al Web con motivo de operaciones de mantenimiento, reparaci\u00f3n, actualizaci\u00f3n o mejora.<\/span><\/p>\n<ol start=\"5\">\n<li><b> Derechos Propiedad intelectual e industrial<\/b><\/li>\n<\/ol>\n<p><span style=\"font-weight: 400;\">Todos los contenidos en el Website, salvo que se indique lo contrario, son titularidad exclusiva de D. ANDREU JIMENEZ ARCOS y, con car\u00e1cter enunciativo, que no limitativo, el dise\u00f1o gr\u00e1fico, c\u00f3digo fuente, logos, textos, gr\u00e1ficos, ilustraciones, fotograf\u00edas, y dem\u00e1s elementos que aparecen en el sitio Web.\u00a0\u00a0\u00a0<\/span><\/p>\n<p><span style=\"font-weight: 400;\">EL TITULAR no concede ning\u00fan tipo de licencia o autorizaci\u00f3n de uso personal al Usuario sobre sus derechos de propiedad intelectual e industrial o sobre cualquier otro derecho relacionado con su Web y los servicios ofrecidos en la misma.\u00a0\u00a0\u00a0<\/span><\/p>\n<p><span style=\"font-weight: 400;\">Por ello, el Usuario reconoce que la reproducci\u00f3n, distribuci\u00f3n, comercializaci\u00f3n, transformaci\u00f3n, y en general, cualquier otra forma de explotaci\u00f3n, por cualquier procedimiento, de todo o parte de los contenidos de este Website constituye una infracci\u00f3n de los derechos de propiedad intelectual y\/o industrial de la empresa o del titular de los mismos.<\/span><\/p>\n<p><span style=\"font-weight: 400;\">El Usuario, \u00fanica y exclusivamente, puede utilizar el material que aparezca en este sitio Web para su uso personal y privado, quedando prohibido su uso con fines comerciales o para incurrir en actividades il\u00edcitas.<\/span><\/p>\n<\/div>\n<div style=\"width: 100%;\"><span style=\"font-weight: 400;\">En virtud de lo dispuesto en los art\u00edculos 8 y 32.1, p\u00e1rrafo segundo, de la Ley de Propiedad Intelectual, quedan expresamente prohibidas la reproducci\u00f3n, la distribuci\u00f3n y la comunicaci\u00f3n p\u00fablica, incluida su modalidad de puesta a disposici\u00f3n, de la totalidad o parte de los contenidos de este sitio Web con fines comerciales, en cualquier soporte y por cualquier medio t\u00e9cnico, sin la autorizaci\u00f3n del TITULAR.\u00a0\u00a0<\/span><\/p>\n<p><span style=\"font-weight: 400;\">EL TITULAR\u00a0 velar\u00e1 por el cumplimiento de las anteriores condiciones como por la debida utilizaci\u00f3n de los contenidos presentados en su sitio Web, ejercitando todas las acciones civiles y penales que le correspondan en el caso de infracci\u00f3n o incumplimiento de estos derechos por parte del Usuario.\u00a0<\/span><\/p>\n<ol start=\"6\">\n<li><b> Ley aplicable y jurisdicci\u00f3n<\/b><\/li>\n<\/ol>\n<p><span style=\"font-weight: 400;\">Las relaciones establecidas entre EL TITULAR y el Usuario se regir\u00e1n por lo dispuesto en la normativa vigente acerca de la legislaci\u00f3n aplicable y la jurisdicci\u00f3n competente. No obstante, para los casos en los que la normativa prevea la posibilidad a las partes de someterse a un fuero, EL TITULAR y el Usuario, con renuncia expresa a cualquier otro fuero que pudiera corresponderles, someter\u00e1n cualesquiera controversias y\/o litigios al conocimiento de los Juzgados y Tribunales de la ciudad de Barcelona.<\/span><\/p>\n<p><span style=\"font-weight: 400;\">Sitio web certificado por <\/span><a href=\"http:\/\/www.movalen.com\"><span style=\"font-weight: 400;\">http:\/\/www.movalen.com<\/span><\/a><span style=\"font-weight: 400;\">\u00a0<\/span><\/p>\n<\/div>\n","protected":false},"excerpt":{"rendered":"<p>Aviso legal En cumplimiento del art\u00edculo 10 de la Ley 34\/2002, de 11 de julio, de Servicios de la Sociedad de la Informaci\u00f3n y Comercio Electr\u00f3nico (LSSICE), a continuaci\u00f3n se exponen los datos identificativos del titular del sitio web. Titular: D. ANDREU JIM\u00c9NEZ ARCOS Direcci\u00f3n: D&#8217;EN FONT, 28 C.P. 08201 SABADELL (BARCELONA) E-Mail: clinicadentalsbd@gmail.com ANDREU&#8230;<\/p>\n","protected":false},"author":1,"featured_media":0,"parent":0,"menu_order":0,"comment_status":"closed","ping_status":"closed","template":"","meta":[],"_links":{"self":[{"href":"https:\/\/clinicadentalsbd.com\/index.php\/wp-json\/wp\/v2\/pages\/282"}],"collection":[{"href":"https:\/\/clinicadentalsbd.com\/index.php\/wp-json\/wp\/v2\/pages"}],"about":[{"href":"https:\/\/clinicadentalsbd.com\/index.php\/wp-json\/wp\/v2\/types\/page"}],"author":[{"embeddable":true,"href":"https:\/\/clinicadentalsbd.com\/index.php\/wp-json\/wp\/v2\/users\/1"}],"replies":[{"embeddable":true,"href":"https:\/\/clinicadentalsbd.com\/index.php\/wp-json\/wp\/v2\/comments?post=282"}],"version-history":[{"count":10,"href":"https:\/\/clinicadentalsbd.com\/index.php\/wp-json\/wp\/v2\/pages\/282\/revisions"}],"predecessor-version":[{"id":451,"href":"https:\/\/clinicadentalsbd.com\/index.php\/wp-json\/wp\/v2\/pages\/282\/revisions\/451"}],"wp:attachment":[{"href":"https:\/\/clinicadentalsbd.com\/index.php\/wp-json\/wp\/v2\/media?parent=282"}],"curies":[{"name":"wp","href":"https:\/\/api.w.org\/{rel}","templated":true}]}}